 -10*f + 11. Calculate t(2).
-9
Let z(n) = -n - 8. Give z(7).
-15
Let a(y) = -2*y**2 + 2*y + 7. Give a(5).
-33
Let j(q) = -4*q + 10. What is j(4)?
-6
Let b(x) = x**3 - 4. Determine b(0).
-4
Let f(w) = -w**3 + 13*w**2 - 12*w. What is f(12)?
0
Let j(v) = -v**3 - 4*v**2 + 5*v - 4. Determine j(-5).
-4
Let w(l) = -11*l + 6. Calculate w(2).
-16
Let m(d) = 7*d**2 + 6*d - 6. What is m(1)?
7
Let f(q) = -5*q + 7. What is f(0)?
7
Let a(r) = 3*r**3 - 4*r**2 + 4*r - 2. Determine a(2).
14
Let i(o) = -o**3 + 8*o**2 - 21*o + 57. Give i(6).
3
Let n(q) = 2*q**3 + q**2 + q + 65. Calculate n(0).
65
Let q(o) = 18*o - 8. Calculate q(3).
46
Let l(w) = -w**2 + 9*w + 7. Give l(11).
-15
Let f(m) = 2*m**2 + 12*m - 34. Give f(-8).
-2
Let g(f) = -2*f**3 + 17*f**2 - 18*f - 27. Calculate g(7).
-6
Let o(n) = -n**3 + 3*n**2 + 5*n - 5. What is o(3)?
10
Let o(n) = n**3 - 2*n**2 + 4*n - 22. Give o(0).
-22
Let i(o) = 5*o**3 - 7*o**2 + 3*o - 1. What is i(2)?
17
Let l(j) = 3*j**2 - 54*j + 47. Give l(17).
-4
Let b(g) = 18*g**3 - g**2 + 2. Calculate b(-1).
-17
Let c(k) = k**3 + 10*k**2 + 2*k + 15. Give c(-10).
-5
Let h(r) = -6*r - 71. Determine h(-5).
-41
Let l(r) = -r**3 + 9*r**2 - 11*r + 13. Give l(8).
-11
Let c(v) = -v**2 - 5*v + 25. Give c(9).
-101
Let b(t) = 14*t + 29. Give b(-3).
-13
Let x(y) = -y**2 + 32. Calculate x(6).
-4
Let n(g) = g**3 + 8*g**2 - 2. Determine n(-8).
-2
Let b(g) = -g**3 + 13*g**2 + 14*g - 3. Determine b(14).
-3
Let j(z) = -2*z**2 + 25*z - 55. What is j(10)?
-5
Let l(w) = 18*w + 87. Give l(-5).
-3
Let l(c) = 3*c**3 + 2*c**2 + c - 2. What is l(2)?
32
Let s(x) = -2*x**2 - x + 18. Determine s(3).
-3
Let j(p) = 10*p - 31. Calculate j(3).
-1
Let n(p) = -6*p**2 - 5*p. Give n(4).
-116
Let n(b) = b**2 - 3*b + 35. Determine n(0).
35
Let a(d) = -d**3 + 4*d**2 - d + 5. Calculate a(4).
1
Let f(g) = -g**2 + 19*g - 57. Give f(5).
13
Let y(z) = -z - 16. Give y(-17).
1
Let j(x) = -x**3 - 2*x**2 + 10*x + 5. Give j(-4).
-3
Let j(o) = o**3 + 8*o**2 - 10*o + 11. Determine j(-9).
20
Let b(i) = 8*i + 10. Give b(-3).
-14
Let w(p) = -p**3 + 8*p**2 - 4*p - 4. Determine w(6).
44
Let c(g) = g**2 - 4*g + 2. Give c(7).
23
Let l(s) = s**3 - 14*s**2 - 5. Calculate l(14).
-5
Let z(y) = -y**3 + 4*y**2 + 4*y - 3. Give z(5).
-8
Let r(x) = x**2 - 2*x - 6. What is r(3)?
-3
Let h(u) = u**3 - 12*u**2 - 9*u - 27. What is h(13)?
25
Let c(t) = t**3 - 11*t**2 + 33*t - 14. Calculate c(6).
4
Let v(y) = -3*y + 51. Calculate v(18).
-3
Let t(y) = y**2 - y - 2. What is t(-2)?
4
Let n(x) = -x**3 + 13*x**2 + 15*x - 11. Give n(14).
3
Let k(q) = q - 1. What is k(-15)?
-16
Let l(f) = f**2 - 9*f + 10. What is l(5)?
-10
Let v(f) = -4*f**3 + f**2 + 3*f - 2. Give v(1).
-2
Let o(b) = -b**2 + 23*b - 93. Calculate o(15).
27
Let x(q) = -q**3 + 8*q**2 - 8*q + 3. Give x(7).
-4
Let c(u) = -u**3 + 4*u**2 + 6*u + 2. Give c(5).
7
Let r(y) = -8*y**2 + 22*y - 41. Give r(2).
-29
Let f(g) = 22*g**2 + g - 4. What is f(1)?
19
Let w(j) = -j**2 - 20*j - 38. Determine w(-18).
-2
Let b(t) = -t**3 + 4*t**2 - 2*t - 1. Give b(2).
3
Let g(r) = -r**3 + 18*r**2 + 40*r - 1. Calculate g(20).
-1
Let h(g) = 3*g. What is h(-5)?
-15
Let m(d) = 4*d - 7. What is m(1)?
-3
Let j(q) = -q**3 + 6*q**2 - 4*q - 6. Calculate j(6).
-30
Let f(n) = n**2 - 13*n - 12. Calculate f(14).
2
Let g(w) = -w**2 + 19*w - 67. Determine g(6).
11
Let z(f) = f**2 - 4*f - 90. What is z(-8)?
6
Let y(n) = 19*n + 32. Give y(-2).
-6
Let g(c) = c**2. Give g(-2).
4
Let d(k) = 9*k**3 + 7*k + 6. What is d(-1)?
-10
Let m(z) = -z**2 - 21*z - 27. What is m(-17)?
41
Let f(z) = z**2 + 4*z + 8. What is f(-6)?
20
Let p(b) = 2*b**3 - 11*b**2 - 6*b + 8. Calculate p(6).
8
Let j(g) = -8*g**2 + 4*g + 2. Calculate j(-1).
-10
Let j(b) = -5*b - 50. Give j(-12).
10
Let l(t) = t**2 - 5*t + 3. Calculate l(0).
3
Let u(s) = s**2 + 21*s + 36. Determine u(-18).
-18
Let s(a) = -6*a + 56. Give s(10).
-4
Let d(a) = a**2 - 13*a - 3. Give d(15).
27
Let y(b) = -4*b**2 + 2*b - 1. Calculate y(1).
-3
Let c(i) = i**2 + 26*i - 4. Give c(-20).
-124
Let q(u) = u**3 + u**2 - 4*u - 7. Give q(-4).
-39
Let u(j) = -j**2 + 17*j - 24. What is u(16)?
-8
Let l(m) = -53*m + 377. Give l(7).
6
Let d(i) = i**2 + 4*i - 5. Give d(-4).
-5
Let f(g) = -4*g**2 - 6*g + 4. Give f(-3).
-14
Let b(m) = 4*m - 11. Determine b(8).
21
Let n(l) = -8*l - 47. What is n(-10)?
33
Let u(j) = 5*j - 25. Determine u(6).
5
Let k(x) = -15*x**3 - 3*x - 2. Give k(2).
-128
Let p(x) = -3*x**2 - 4*x + 7. What is p(3)?
-32
Let a(d) = -5*d**2 - 2*d + 1. Calculate a(2).
-23
Let d(l) = 49*l - 239. Calculate d(5).
6
Let u(x) = -2*x**2 - 6*x - 2. Give u(-4).
-10
Let p(w) = -5*w + 12. Give p(3).
-3
Let h(t) = -2*t**3 - 11*t**2 + 9*t + 6. Determine h(-6).
-12
Let x(r) = r**2 - 5*r - 1. Determine x(5).
-1
Let r(t) = -t + 10. What is r(7)?
3
Let h(p) = -2*p**2 + 9*p - 5. Give h(5).
-10
Let s(a) = -7*a**2 - 59*a + 9. Calculate s(-8).
33
Let b(z) = z + 38. What is b(-2)?
36
Let a(r) = -r**3 + 18*r**2 - 18*r - 55. Determine a(17).
-72
Let m(s) = -2*s**2 + 93*s - 59. Give m(46).
-13
Let r(f) = -f**3 + 9*f**2 + 10*f - 12. What is r(10)?
-12
Let q(y) = -2*y**2 - 6*y - 2. Calculate q(-4).
-10
Let d(y) = 2*y**2 - 26*y + 79. Calculate d(6).
-5
Let l(h) = h**3 - 6*h**2 + 21*h - 51. Determine l(4).
1
Let g(i) = i - 3. Give g(10).
7
Let v(y) = -2*y - 2. Calculate v(-2).
2
Let p(j) = -j**3 - 9*j**2 + 2*j + 5. Calculate p(-8).
-75
Let s(d) = d**2 - 26*d - 25. Give s(26).
-25
Let w(b) = 13*b**2 - b + 3. Calculate w(1).
15
Let r(f) = 3*f + 32. What is r(-13)?
-7
Let v(y) = -2*y**2 - 13*y - 35. Calculate v(-5).
-20
Let j(u) = -u**3 - 13*u**2 - 2*u - 25. Calculate j(-13).
1
Let m(c) = -5*c - 28. What is m(-9)?
17
Let o(n) = -n**2 + 15*n + 20. Calculate o(13).
46
Let v(u) = u**2 - 9*u + 16. Give v(8).
8
Let z(j) = -j**2 - 4*j + 2. Calculate z(1).
-3
Let h(a) = a**3 - 3*a**2 - a + 2. Calculate h(3).
-1
Let v(z) = -23*z + 16. Calculate v(-2).
62
Let t(w) = -w**3 - 8*w**2 - 8*w + 1. Give t(-7).
8
Let f(o) = o**3 + 25*o**2 + 2*o + 34. Calculate f(-25).
-16
Let q(v) = -4*v - 42. What is q(-7)?
-14
Let d(r) = 5*r - 1. What is d(-6)?
-31
Let a(k) = 6*k - 1. Calculate a(-2).
-13
Let r(s) = -46*s - 64. What is r(-2)?
28
Let a(c) = -c + 6. Give a(12).
-6
Let d(g) = g**2 - 4*g - 3. Give d(3).
-6
Let o(h) = -h**3 + 34*h**2 + 2*h - 61. What is o(34)?
7
Let m(n) = n**3 - 5*n**2 + 2*n + 2. What is m(2)?
-6
Let a(j) = j**2 - 27*j + 32. What is a(21)?
-94
Let d(t) = -3*t**2 - 4*t - 3. Determine d(-3).
-18
Let t(v) = v**3 - 2*v + 6. Calculate t(-2).
2
Let h(r) = 11*r - 4. Give h(-1).
-15
Let g(d) = -85*d + 256. Give g(3).
1
Let q(d) = 13*d - 101. Calculate q(8).
3
Let i(m) = 32*m**3 - m**2 - m + 3. Calculate i(1).
33
Let u(a) = -2*a**3 - 75*a**2 + 39*a + 74. What is u(-38)?
36
Let w(v) = -v - 9. Give w(15).
-24
Let o(q) = -5*q**2 + q. Calculate o(-1).
-6
Let j(h) = -2*h**2 - 46*h - 75. Give j(-21).
9
Let p(n) = -2*n + 39. Calculate p(9).
21
Let g(l) = -l**3 + 10*l**2 + 26*l - 16. Determine g(12).
8
Let a(y) = -4*y - 10. Determine a(4).
-26
Let z(o) = -2*o**2 - 4*o - 4. Give z(-8).
-100
Let n(r) = -r**3 + 18*r**2 + 89*r - 18. Determine n(22).
4
Let j(l) = -l**2 + 6*l + 32. Calculate j(8).
16
Let j(q) = 5*q + 2. Give j(-3).
-13
Let i(c) = 2*c**3 + 6*c**2 + c + 3. Determine i(-4).
-33
Let o(t) = -t**3 + 3*t**2 + 10*t + 5. Determine o(-3).
29
Let m(d) = -4*d - 7. Calculate m(-7).
21
Let m(i) = -24*i - 4. Determine m(1).
-28
Let n(h) = -39*h**3 + 2*h + 1. Calculate n(-1).
38
Let p(x) = -3*x**2 - 20*x + 10. Determine p(-8).
-22
Let i(f) = -9*f - 3. What is i(-2)?
15
Let o(x) = x**2 + 21*x + 40. Give o(-19).
2
Let f(u) = -u**2 - 3. Give f(-3).
-12
Let n(v) = 2*v**2 - 11*v + 10. What is n(9)?
73
Let d(o) = 7*o**3 - o. Determine d(1).
6
Let r(j) = -2*j**3 + 34*j**2 + 42*j - 102. Determine r(18).
6
Let v(u) = u**3 - 5*u**2 - 2*u - 11. Calculate v(6).
13
Let z(r) = 2*r**3 - 9*r**2 + 8*r + 10. Determine z(4).
26
Let s(b) = 2*b**2 + 5*b + 3. Determine s(-4).
15
Let i(c) = c**2 - 15*c + 10. Calculate i(18).
64
Let d(f) = -10*f - 34. Determine d(-6).
26
Let p(g) = -g**2 - 2*g - 5. Calculate p(-5).
-20
Let l(y) = -y**2 + 9*y - 13. Give l(10).
-23
Let z(i) = 2*i - 17. What is z(8)?
-1
Let o(s) = 10*s - 2. What is o(2)?
18
Let z(l) = 15*l - 93. What is z(6)?
-3
Let j(o) = o**3 + 6*o**2 - o + 34. Calculate j(-7).
-8
Let